{"id":2,"date":"2020-12-11T11:52:57","date_gmt":"2020-12-11T11:52:57","guid":{"rendered":"http:\/\/galeriamiejska.pl\/?page_id=2"},"modified":"2024-12-31T11:08:28","modified_gmt":"2024-12-31T11:08:28","slug":"","status":"publish","type":"page","link":"https:\/\/galeriamiejska.pl\/en\/kontakt\/","title":{"rendered":"Contact","raw":"Contact"},"content":{"rendered":"\n<p>The City Gallery in Wroclaw<br>28, Kie\u0142ba\u015bnicza St.<br>50-109 Wroc\u0142aw<br>(71) 344 67 20<br>NIP 896-10-04-173<br><br><br><strong>Miros\u0142aw Jasi\u0144ski &#8211; director of The City Gallery in Wroc\u0142aw<\/strong><\/p>\n\n\n\n<p><strong>Martyna Czeka\u0142a &#8211; administration<\/strong><br>biuro@galeriamiejska.pl<\/p>\n\n\n\n<p><strong>Katarzyna Sa\u0142amacha \u2013 media, PR<\/strong><br>katarzyna.salamacha@galeriamiejska.pl<br><br><strong>Katarzyna Zahorska &#8211; curator, exhibition organizer<\/strong><br>katarzyna.zahorska@galeriamiejska.pl<br><strong><br>Robert Nagler &#8211; technical matters<br><\/strong>robert.nagler@galeriamiejska.pl<br><br><strong>Pawe\u0142 Wagner &#8211; publishing and printing<\/strong><br>pawel.wagner@galeriamiejska.pl<br><br><\/p>\n\n\n\n<p><br><\/p>\n","protected":false,"raw":"<!-- wp:paragraph -->\n<p>The City Gallery in Wroclaw<br>28, Kie\u0142ba\u015bnicza St.<br>50-109 Wroc\u0142aw<br>(71) 344 67 20<br>NIP 896-10-04-173<br><br><br><strong>Miros\u0142aw Jasi\u0144ski - director of The City Gallery in Wroc\u0142aw<\/strong><\/p>\n<!-- \/wp:paragraph -->\n\n<!-- wp:paragraph -->\n<p><strong>Martyna Czeka\u0142a - administration<\/strong><br>biuro@galeriamiejska.pl<\/p>\n<!-- \/wp:paragraph -->\n\n<!-- wp:paragraph -->\n<p><strong>Katarzyna Sa\u0142amacha \u2013 media, PR<\/strong><br>katarzyna.salamacha@galeriamiejska.pl<br><br><strong>Katarzyna Zahorska - curator, exhibition organizer<\/strong><br>katarzyna.zahorska@galeriamiejska.pl<br><strong><br>Robert Nagler - technical matters<br><\/strong>robert.nagler@galeriamiejska.pl<br><br><strong>Pawe\u0142 Wagner - publishing and printing<\/strong><br>pawel.wagner@galeriamiejska.pl<br><br><\/p>\n<!-- \/wp:paragraph -->\n\n<!-- wp:paragraph -->\n<p><br><\/p>\n<!-- \/wp:paragraph -->"},"excerpt":{"rendered":"<p>The City Gallery in Wroclaw<br \/>\n28, Kie\u0142ba\u015bnicza St.<br \/>\n50-109 Wroc\u0142aw<\/p>\n","protected":false,"raw":"The City Gallery in Wroclaw\n28, Kie\u0142ba\u015bnicza St.\n50-109 Wroc\u0142aw"},"author":1,"featured_media":6,"parent":0,"menu_order":0,"comment_status":"closed","ping_status":"open","template":"","meta":{"_pl_post_content":"<!-- wp:paragraph -->\n<p>Galeria Miejska we Wroc\u0142awiu<br>ul. Kie\u0142ba\u015bnicza 28<br>50-109 Wroc\u0142aw<br><strong>tel. 71 344 67 20<\/strong><br><br>NIP 896-10-04-173<br><br>adres e-Dor\u0119cze\u0144: <strong>AE:PL-42475-31251-USVUA-17<\/strong><br><br><br><strong>Miros\u0142aw Jasi\u0144ski - dyrektor Galerii<\/strong> <strong>Miejskiej<\/strong><br>biuro@galeriamiejska.pl <br><br><strong>Martyna Czeka\u0142a - administracja<\/strong><br>biuro@galeriamiejska.pl <br><br><strong>Katarzyna Zahorska - kurator i\u00a0organizator wystaw<\/strong><br>katarzyna.zahorska@galeriamiejska.pl <br><br><strong>Katarzyna Sa\u0142amacha \u2013 media, PR<\/strong><br>katarzyna.salamacha@galeriamiejska.pl<br><br><strong>Izabela Kaza\u0142a - g\u0142\u00f3wna ksi\u0119gowa<\/strong><br>izabela.kazala@galeriamiejska.pl<br><br><strong>Robert Nagler - techniczna organizacja wystaw, logistyka<\/strong><br>robert.nagler@galeriamiejska.pl<br><br><strong>Pawe\u0142 Wagner-  wydawnictwa, druki<\/strong><br>pawel.wagner@galeriamiejska.pl)<\/p>\n<!-- \/wp:paragraph -->\n\n<!-- wp:paragraph -->\n<p><\/p>\n<!-- \/wp:paragraph -->\n\n<!-- wp:paragraph -->\n<p><br><br><\/p>\n<!-- \/wp:paragraph -->","_pl_post_name":"kontakt","_pl_post_excerpt":"Galeria Miejska we Wroc\u0142awiu\nul. Kie\u0142ba\u015bnicza 28\n50-109 Wroc\u0142aw\n\n","_pl_post_title":"Kontakt","_en_post_content":"<!-- wp:paragraph -->\n<p>The City Gallery in Wroclaw<br>28, Kie\u0142ba\u015bnicza St.<br>50-109 Wroc\u0142aw<br>(71) 344 67 20<br>NIP 896-10-04-173<br><br><br><strong>Miros\u0142aw Jasi\u0144ski - director of The City Gallery in Wroc\u0142aw<\/strong><\/p>\n<!-- \/wp:paragraph -->\n\n<!-- wp:paragraph -->\n<p><strong>Martyna Czeka\u0142a - administration<\/strong><br>biuro@galeriamiejska.pl<\/p>\n<!-- \/wp:paragraph -->\n\n<!-- wp:paragraph -->\n<p><strong>Katarzyna Sa\u0142amacha \u2013 media, PR<\/strong><br>katarzyna.salamacha@galeriamiejska.pl<br><br><strong>Katarzyna Zahorska - curator, exhibition organizer<\/strong><br>katarzyna.zahorska@galeriamiejska.pl<br><strong><br>Robert Nagler - technical matters<br><\/strong>robert.nagler@galeriamiejska.pl<br><br><strong>Pawe\u0142 Wagner - publishing and printing<\/strong><br>pawel.wagner@galeriamiejska.pl<br><br><\/p>\n<!-- \/wp:paragraph -->\n\n<!-- wp:paragraph -->\n<p><br><\/p>\n<!-- \/wp:paragraph -->","_en_post_name":"","_en_post_excerpt":"The City Gallery in Wroclaw\n28, Kie\u0142ba\u015bnicza St.\n50-109 Wroc\u0142aw","_en_post_title":"Contact","edit_language":"en","footnotes":""},"class_list":["post-2","page","type-page","status-publish","has-post-thumbnail","hentry"],"yoast_head":"<!-- This site is optimized with the Yoast SEO plugin v16.8 - https:\/\/yoast.com\/wordpress\/plugins\/seo\/ -->\n<title>Kontakt - Galeria Miejska we Wroc\u0142awiu<\/title>\n<meta name=\"robots\" content=\"index, follow, max-snippet:-1, max-image-preview:large, max-video-preview:-1\" \/>\n<link rel=\"canonical\" href=\"https:\/\/galeriamiejska.pl\/en\/kontakt\/\" \/>\n<meta property=\"og:locale\" content=\"en_US\" \/>\n<meta property=\"og:type\" content=\"article\" \/>\n<meta property=\"og:title\" content=\"Kontakt - Galeria Miejska we Wroc\u0142awiu\" \/>\n<meta property=\"og:description\" content=\"Galeria Miejska we Wroc\u0142awiu ul. Kie\u0142ba\u015bnicza 28 50-109 Wroc\u0142aw\" \/>\n<meta property=\"og:url\" content=\"https:\/\/galeriamiejska.pl\/en\/kontakt\/\" \/>\n<meta property=\"og:site_name\" content=\"Galeria Miejska we Wroc\u0142awiu\" \/>\n<meta property=\"article:modified_time\" content=\"2024-12-31T11:08:28+00:00\" \/>\n<meta property=\"og:image\" content=\"https:\/\/galeriamiejska.pl\/wp-content\/uploads\/2020\/12\/kontakt.jpg\" \/>\n\t<meta property=\"og:image:width\" content=\"640\" \/>\n\t<meta property=\"og:image:height\" content=\"340\" \/>\n<meta name=\"twitter:card\" content=\"summary_large_image\" \/>\n<meta name=\"twitter:label1\" content=\"Est. reading time\" \/>\n\t<meta name=\"twitter:data1\" content=\"1 minute\" \/>\n<script type=\"application\/ld+json\" class=\"yoast-schema-graph\">{\"@context\":\"https:\/\/schema.org\",\"@graph\":[{\"@type\":\"WebSite\",\"@id\":\"https:\/\/galeriamiejska.pl\/en\/#website\",\"url\":\"https:\/\/galeriamiejska.pl\/en\/\",\"name\":\"Galeria Miejska we Wroc\\u0142awiu\",\"description\":\"\",\"potentialAction\":[{\"@type\":\"SearchAction\",\"target\":{\"@type\":\"EntryPoint\",\"urlTemplate\":\"https:\/\/galeriamiejska.pl\/en\/?s={search_term_string}\"},\"query-input\":\"required name=search_term_string\"}],\"inLanguage\":\"\"},{\"@type\":\"ImageObject\",\"@id\":\"https:\/\/galeriamiejska.pl\/en\/kontakt\/#primaryimage\",\"inLanguage\":\"\",\"url\":\"https:\/\/galeriamiejska.pl\/wp-content\/uploads\/2020\/12\/kontakt.jpg\",\"contentUrl\":\"https:\/\/galeriamiejska.pl\/wp-content\/uploads\/2020\/12\/kontakt.jpg\",\"width\":640,\"height\":340},{\"@type\":\"WebPage\",\"@id\":\"https:\/\/galeriamiejska.pl\/en\/kontakt\/#webpage\",\"url\":\"https:\/\/galeriamiejska.pl\/en\/kontakt\/\",\"name\":\"Kontakt - Galeria Miejska we Wroc\\u0142awiu\",\"isPartOf\":{\"@id\":\"https:\/\/galeriamiejska.pl\/en\/#website\"},\"primaryImageOfPage\":{\"@id\":\"https:\/\/galeriamiejska.pl\/en\/kontakt\/#primaryimage\"},\"datePublished\":\"2020-12-11T11:52:57+00:00\",\"dateModified\":\"2024-12-31T11:08:28+00:00\",\"breadcrumb\":{\"@id\":\"https:\/\/galeriamiejska.pl\/en\/kontakt\/#breadcrumb\"},\"inLanguage\":\"\",\"potentialAction\":[{\"@type\":\"ReadAction\",\"target\":[\"https:\/\/galeriamiejska.pl\/en\/kontakt\/\"]}]},{\"@type\":\"BreadcrumbList\",\"@id\":\"https:\/\/galeriamiejska.pl\/en\/kontakt\/#breadcrumb\",\"itemListElement\":[{\"@type\":\"ListItem\",\"position\":1,\"name\":\"Strona g\\u0142\\u00f3wna\",\"item\":\"https:\/\/galeriamiejska.pl\/en\/\"},{\"@type\":\"ListItem\",\"position\":2,\"name\":\"Contact\"}]}]}<\/script>\n<!-- \/ Yoast SEO plugin. -->","yoast_head_json":{"title":"Kontakt - Galeria Miejska we Wroc\u0142awiu","robots":{"index":"index","follow":"follow","max-snippet":"max-snippet:-1","max-image-preview":"max-image-preview:large","max-video-preview":"max-video-preview:-1"},"canonical":"https:\/\/galeriamiejska.pl\/en\/kontakt\/","og_locale":"en_US","og_type":"article","og_title":"Kontakt - Galeria Miejska we Wroc\u0142awiu","og_description":"Galeria Miejska we Wroc\u0142awiu ul. Kie\u0142ba\u015bnicza 28 50-109 Wroc\u0142aw","og_url":"https:\/\/galeriamiejska.pl\/en\/kontakt\/","og_site_name":"Galeria Miejska we Wroc\u0142awiu","article_modified_time":"2024-12-31T11:08:28+00:00","og_image":[{"width":640,"height":340,"url":"https:\/\/galeriamiejska.pl\/wp-content\/uploads\/2020\/12\/kontakt.jpg","path":"\/autoinstalator\/wordpress\/wp-content\/uploads\/2020\/12\/kontakt.jpg","size":"full","id":6,"alt":"","pixels":217600,"type":"image\/jpeg"}],"twitter_card":"summary_large_image","twitter_misc":{"Est. reading time":"1 minute"},"schema":{"@context":"https:\/\/schema.org","@graph":[{"@type":"WebSite","@id":"https:\/\/galeriamiejska.pl\/en\/#website","url":"https:\/\/galeriamiejska.pl\/en\/","name":"Galeria Miejska we Wroc\u0142awiu","description":"","potentialAction":[{"@type":"SearchAction","target":{"@type":"EntryPoint","urlTemplate":"https:\/\/galeriamiejska.pl\/en\/?s={search_term_string}"},"query-input":"required name=search_term_string"}],"inLanguage":""},{"@type":"ImageObject","@id":"https:\/\/galeriamiejska.pl\/en\/kontakt\/#primaryimage","inLanguage":"","url":"https:\/\/galeriamiejska.pl\/wp-content\/uploads\/2020\/12\/kontakt.jpg","contentUrl":"https:\/\/galeriamiejska.pl\/wp-content\/uploads\/2020\/12\/kontakt.jpg","width":640,"height":340},{"@type":"WebPage","@id":"https:\/\/galeriamiejska.pl\/en\/kontakt\/#webpage","url":"https:\/\/galeriamiejska.pl\/en\/kontakt\/","name":"Kontakt - Galeria Miejska we Wroc\u0142awiu","isPartOf":{"@id":"https:\/\/galeriamiejska.pl\/en\/#website"},"primaryImageOfPage":{"@id":"https:\/\/galeriamiejska.pl\/en\/kontakt\/#primaryimage"},"datePublished":"2020-12-11T11:52:57+00:00","dateModified":"2024-12-31T11:08:28+00:00","breadcrumb":{"@id":"https:\/\/galeriamiejska.pl\/en\/kontakt\/#breadcrumb"},"inLanguage":"","potentialAction":[{"@type":"ReadAction","target":["https:\/\/galeriamiejska.pl\/en\/kontakt\/"]}]},{"@type":"BreadcrumbList","@id":"https:\/\/galeriamiejska.pl\/en\/kontakt\/#breadcrumb","itemListElement":[{"@type":"ListItem","position":1,"name":"Strona g\u0142\u00f3wna","item":"https:\/\/galeriamiejska.pl\/en\/"},{"@type":"ListItem","position":2,"name":"Contact"}]}]}},"_links":{"self":[{"href":"https:\/\/galeriamiejska.pl\/en\/wp-json\/wp\/v2\/pages\/2","targetHints":{"allow":["GET"]}}],"collection":[{"href":"https:\/\/galeriamiejska.pl\/en\/wp-json\/wp\/v2\/pages"}],"about":[{"href":"https:\/\/galeriamiejska.pl\/en\/wp-json\/wp\/v2\/types\/page"}],"author":[{"embeddable":true,"href":"https:\/\/galeriamiejska.pl\/en\/wp-json\/wp\/v2\/users\/1"}],"replies":[{"embeddable":true,"href":"https:\/\/galeriamiejska.pl\/en\/wp-json\/wp\/v2\/comments?post=2"}],"version-history":[{"count":16,"href":"https:\/\/galeriamiejska.pl\/en\/wp-json\/wp\/v2\/pages\/2\/revisions"}],"predecessor-version":[{"id":6974,"href":"https:\/\/galeriamiejska.pl\/en\/wp-json\/wp\/v2\/pages\/2\/revisions\/6974"}],"wp:featuredmedia":[{"embeddable":true,"href":"https:\/\/galeriamiejska.pl\/en\/wp-json\/wp\/v2\/media\/6"}],"wp:attachment":[{"href":"https:\/\/galeriamiejska.pl\/en\/wp-json\/wp\/v2\/media?parent=2"}],"curies":[{"name":"wp","href":"https:\/\/api.w.org\/{rel}","templated":true}]}}

<p>The City Gallery in Wroclaw<br>28, Kiełbaśnicza St.<br>50-109 Wrocław<br>(71) 344 67 20<br>NIP 896-10-04-173<br><br><br><strong>Mirosław Jasiński &#8211; director of The City Gallery in Wrocław</strong></p>



<p><strong>Martyna Czekała &#8211; administration</strong><br>biuro@galeriamiejska.pl</p>



<p><strong>Katarzyna Sałamacha – media, PR</strong><br>katarzyna.salamacha@galeriamiejska.pl<br><br><strong>Katarzyna Zahorska &#8211; curator, exhibition organizer</strong><br>katarzyna.zahorska@galeriamiejska.pl<br><strong><br>Robert Nagler &#8211; technical matters<br></strong>robert.nagler@galeriamiejska.pl<br><br><strong>Paweł Wagner &#8211; publishing and printing</strong><br>pawel.wagner@galeriamiejska.pl<br><br></p>



<p><br></p>

<!-- wp:paragraph -->
<p>The City Gallery in Wroclaw<br>28, Kiełbaśnicza St.<br>50-109 Wrocław<br>(71) 344 67 20<br>NIP 896-10-04-173<br><br><br><strong>Mirosław Jasiński - director of The City Gallery in Wrocław</strong></p>
<!-- /wp:paragraph -->

<!-- wp:paragraph -->
<p><strong>Martyna Czekała - administration</strong><br>biuro@galeriamiejska.pl</p>
<!-- /wp:paragraph -->

<!-- wp:paragraph -->
<p><strong>Katarzyna Sałamacha – media, PR</strong><br>katarzyna.salamacha@galeriamiejska.pl<br><br><strong>Katarzyna Zahorska - curator, exhibition organizer</strong><br>katarzyna.zahorska@galeriamiejska.pl<br><strong><br>Robert Nagler - technical matters<br></strong>robert.nagler@galeriamiejska.pl<br><br><strong>Paweł Wagner - publishing and printing</strong><br>pawel.wagner@galeriamiejska.pl<br><br></p>
<!-- /wp:paragraph -->

<!-- wp:paragraph -->
<p><br></p>
<!-- /wp:paragraph -->

<p>The City Gallery in Wroclaw<br />
28, Kiełbaśnicza St.<br />
50-109 Wrocław</p>

The City Gallery in Wroclaw
28, Kiełbaśnicza St.
50-109 Wrocław

<!-- wp:paragraph -->
<p>Galeria Miejska we Wrocławiu<br>ul. Kiełbaśnicza 28<br>50-109 Wrocław<br><strong>tel. 71 344 67 20</strong><br><br>NIP 896-10-04-173<br><br>adres e-Doręczeń: <strong>AE:PL-42475-31251-USVUA-17</strong><br><br><br><strong>Mirosław Jasiński - dyrektor Galerii</strong> <strong>Miejskiej</strong><br>biuro@galeriamiejska.pl <br><br><strong>Martyna Czekała - administracja</strong><br>biuro@galeriamiejska.pl <br><br><strong>Katarzyna Zahorska - kurator i organizator wystaw</strong><br>katarzyna.zahorska@galeriamiejska.pl <br><br><strong>Katarzyna Sałamacha – media, PR</strong><br>katarzyna.salamacha@galeriamiejska.pl<br><br><strong>Izabela Kazała - główna księgowa</strong><br>izabela.kazala@galeriamiejska.pl<br><br><strong>Robert Nagler - techniczna organizacja wystaw, logistyka</strong><br>robert.nagler@galeriamiejska.pl<br><br><strong>Paweł Wagner-  wydawnictwa, druki</strong><br>pawel.wagner@galeriamiejska.pl)</p>
<!-- /wp:paragraph -->

<!-- wp:paragraph -->
<p></p>
<!-- /wp:paragraph -->

<!-- wp:paragraph -->
<p><br><br></p>
<!-- /wp:paragraph -->

Galeria Miejska we Wrocławiu
ul. Kiełbaśnicza 28
50-109 Wrocław

<!-- This site is optimized with the Yoast SEO plugin v16.8 - https://yoast.com/wordpress/plugins/seo/ -->
<title>Kontakt - Galeria Miejska we Wrocławiu</title>
<meta name="robots" content="index, follow, max-snippet:-1, max-image-preview:large, max-video-preview:-1" />
<link rel="canonical" href="https://galeriamiejska.pl/en/kontakt/" />
<meta property="og:locale" content="en_US" />
<meta property="og:type" content="article" />
<meta property="og:title" content="Kontakt - Galeria Miejska we Wrocławiu" />
<meta property="og:description" content="Galeria Miejska we Wrocławiu ul. Kiełbaśnicza 28 50-109 Wrocław" />
<meta property="og:url" content="https://galeriamiejska.pl/en/kontakt/" />
<meta property="og:site_name" content="Galeria Miejska we Wrocławiu" />
<meta property="article:modified_time" content="2024-12-31T11:08:28+00:00" />
<meta property="og:image" content="https://galeriamiejska.pl/wp-content/uploads/2020/12/kontakt.jpg" />
	<meta property="og:image:width" content="640" />
	<meta property="og:image:height" content="340" />
<meta name="twitter:card" content="summary_large_image" />
<meta name="twitter:label1" content="Est. reading time" />
	<meta name="twitter:data1" content="1 minute" />
<script type="application/ld+json" class="yoast-schema-graph">{"@context":"https://schema.org","@graph":[{"@type":"WebSite","@id":"https://galeriamiejska.pl/en/#website","url":"https://galeriamiejska.pl/en/","name":"Galeria Miejska we Wroc\u0142awiu","description":"","potentialAction":[{"@type":"SearchAction","target":{"@type":"EntryPoint","urlTemplate":"https://galeriamiejska.pl/en/?s={search_term_string}"},"query-input":"required name=search_term_string"}],"inLanguage":""},{"@type":"ImageObject","@id":"https://galeriamiejska.pl/en/kontakt/#primaryimage","inLanguage":"","url":"https://galeriamiejska.pl/wp-content/uploads/2020/12/kontakt.jpg","contentUrl":"https://galeriamiejska.pl/wp-content/uploads/2020/12/kontakt.jpg","width":640,"height":340},{"@type":"WebPage","@id":"https://galeriamiejska.pl/en/kontakt/#webpage","url":"https://galeriamiejska.pl/en/kontakt/","name":"Kontakt - Galeria Miejska we Wroc\u0142awiu","isPartOf":{"@id":"https://galeriamiejska.pl/en/#website"},"primaryImageOfPage":{"@id":"https://galeriamiejska.pl/en/kontakt/#primaryimage"},"datePublished":"2020-12-11T11:52:57+00:00","dateModified":"2024-12-31T11:08:28+00:00","breadcrumb":{"@id":"https://galeriamiejska.pl/en/kontakt/#breadcrumb"},"inLanguage":"","potentialAction":[{"@type":"ReadAction","target":["https://galeriamiejska.pl/en/kontakt/"]}]},{"@type":"BreadcrumbList","@id":"https://galeriamiejska.pl/en/kontakt/#breadcrumb","itemListElement":[{"@type":"ListItem","position":1,"name":"Strona g\u0142\u00f3wna","item":"https://galeriamiejska.pl/en/"},{"@type":"ListItem","position":2,"name":"Contact"}]}]}</script>
<!-- / Yoast SEO plugin. -->

Kontakt - Galeria Miejska we Wrocławiu

Galeria Miejska we Wrocławiu ul. Kiełbaśnicza 28 50-109 Wrocław

Galeria Miejska we Wrocławiu

Strona główna
