{"id":161,"date":"2021-01-04T16:19:46","date_gmt":"2021-01-04T16:19:46","guid":{"rendered":"http:\/\/galeriamiejska.pl\/?page_id=161"},"modified":"2021-01-04T16:21:47","modified_gmt":"2021-01-04T16:21:47","slug":"","status":"publish","type":"page","link":"https:\/\/galeriamiejska.pl\/en\/plan-pomieszczen\/","title":{"rendered":"Gallery plan","raw":"Gallery plan"},"content":{"rendered":"\n<p>Virtual walk around the City Gallery in Wroc\u0142aw<\/p>\n\n\n\n<iframe loading=\"lazy\" style=\"border: 0;\" tabindex=\"0\" src=\"https:\/\/www.google.com\/maps\/embed?pb=!4v1588076199486!6m8!1m7!1sCAoSLEFGMVFpcE5odUdFT2lpX1djMFRJX1hreUt1UFlSajhNYms4NkNicHg2ZkNz!2m2!1d51.11077356988546!2d17.0293171313366!3f279.2753320919244!4f8.026910296834515!5f0.7820865974627469\" allowfullscreen=\"allowfullscreen\" aria-hidden=\"false\" width=\"600\" height=\"450\" frameborder=\"0\"><\/iframe>\n\n\n\n<p><\/p>\n","protected":false,"raw":"<!-- wp:paragraph -->\n<p>Virtual walk around the City Gallery in Wroc\u0142aw<\/p>\n<!-- \/wp:paragraph -->\n\n<!-- wp:html -->\n<iframe style=\"border: 0;\" tabindex=\"0\" src=\"https:\/\/www.google.com\/maps\/embed?pb=!4v1588076199486!6m8!1m7!1sCAoSLEFGMVFpcE5odUdFT2lpX1djMFRJX1hreUt1UFlSajhNYms4NkNicHg2ZkNz!2m2!1d51.11077356988546!2d17.0293171313366!3f279.2753320919244!4f8.026910296834515!5f0.7820865974627469\" allowfullscreen=\"allowfullscreen\" aria-hidden=\"false\" width=\"600\" height=\"450\" frameborder=\"0\"><\/iframe>\n<!-- \/wp:html -->\n\n<!-- wp:paragraph -->\n<p><\/p>\n<!-- \/wp:paragraph -->"},"excerpt":{"rendered":"<p>City Gallery in Wroc\u0142aw<\/p>\n","protected":false,"raw":"City Gallery in Wroc\u0142aw"},"author":1,"featured_media":164,"parent":0,"menu_order":0,"comment_status":"closed","ping_status":"closed","template":"","meta":{"_pl_post_content":"<!-- wp:paragraph -->\n<p><a href=\"http:\/\/galeriamiejska.pl\/wp-content\/uploads\/2021\/01\/sale_ekspozycyjne_parter_wymiary.pdf\">\u00bb sale_ekspozycyjne_parter_wymiary<\/a><br><a href=\"http:\/\/galeriamiejska.pl\/wp-content\/uploads\/2021\/01\/sale-ekspozycyjne-piwnica-wymiary.pdf\">\u00bb sale ekspozycyjne piwnica wymiary<\/a><\/p>\n<!-- \/wp:paragraph -->\n\n<!-- wp:paragraph -->\n<p>Wirtualny spacer po Galerii Miejskiej we Wroc\u0142awiu:<\/p>\n<!-- \/wp:paragraph -->\n\n<!-- wp:html -->\n<iframe style=\"border: 0;\" tabindex=\"0\" src=\"https:\/\/www.google.com\/maps\/embed?pb=!4v1588076199486!6m8!1m7!1sCAoSLEFGMVFpcE5odUdFT2lpX1djMFRJX1hreUt1UFlSajhNYms4NkNicHg2ZkNz!2m2!1d51.11077356988546!2d17.0293171313366!3f279.2753320919244!4f8.026910296834515!5f0.7820865974627469\" allowfullscreen=\"allowfullscreen\" aria-hidden=\"false\" width=\"600\" height=\"450\" frameborder=\"0\"><\/iframe>\n<!-- \/wp:html -->\n\n<!-- wp:paragraph -->\n<p><\/p>\n<!-- \/wp:paragraph -->","_pl_post_name":"plan-pomieszczen","_pl_post_excerpt":"Galeria Miejska we Wroc\u0142awiu","_pl_post_title":"Plan pomieszcze\u0144","_en_post_content":"<!-- wp:paragraph -->\n<p>Virtual walk around the City Gallery in Wroc\u0142aw<\/p>\n<!-- \/wp:paragraph -->\n\n<!-- wp:html -->\n<iframe style=\"border: 0;\" tabindex=\"0\" src=\"https:\/\/www.google.com\/maps\/embed?pb=!4v1588076199486!6m8!1m7!1sCAoSLEFGMVFpcE5odUdFT2lpX1djMFRJX1hreUt1UFlSajhNYms4NkNicHg2ZkNz!2m2!1d51.11077356988546!2d17.0293171313366!3f279.2753320919244!4f8.026910296834515!5f0.7820865974627469\" allowfullscreen=\"allowfullscreen\" aria-hidden=\"false\" width=\"600\" height=\"450\" frameborder=\"0\"><\/iframe>\n<!-- \/wp:html -->\n\n<!-- wp:paragraph -->\n<p><\/p>\n<!-- \/wp:paragraph -->","_en_post_name":"","_en_post_excerpt":"City Gallery in Wroc\u0142aw","_en_post_title":"Gallery plan","edit_language":"en","footnotes":""},"class_list":["post-161","page","type-page","status-publish","has-post-thumbnail","hentry"],"yoast_head":"<!-- This site is optimized with the Yoast SEO plugin v16.8 - https:\/\/yoast.com\/wordpress\/plugins\/seo\/ -->\n<title>Plan pomieszcze\u0144 - Galeria Miejska we Wroc\u0142awiu<\/title>\n<meta name=\"robots\" content=\"index, follow, max-snippet:-1, max-image-preview:large, max-video-preview:-1\" \/>\n<link rel=\"canonical\" href=\"https:\/\/galeriamiejska.pl\/en\/plan-pomieszczen\/\" \/>\n<meta property=\"og:locale\" content=\"en_US\" \/>\n<meta property=\"og:type\" content=\"article\" \/>\n<meta property=\"og:title\" content=\"Plan pomieszcze\u0144 - Galeria Miejska we Wroc\u0142awiu\" \/>\n<meta property=\"og:description\" content=\"Galeria Miejska we Wroc\u0142awiu\" \/>\n<meta property=\"og:url\" content=\"https:\/\/galeriamiejska.pl\/en\/plan-pomieszczen\/\" \/>\n<meta property=\"og:site_name\" content=\"Galeria Miejska we Wroc\u0142awiu\" \/>\n<meta property=\"article:modified_time\" content=\"2021-01-04T16:21:47+00:00\" \/>\n<meta property=\"og:image\" content=\"https:\/\/galeriamiejska.pl\/wp-content\/uploads\/2021\/01\/59_2_noname.jpg\" \/>\n\t<meta property=\"og:image:width\" content=\"640\" \/>\n\t<meta property=\"og:image:height\" content=\"340\" \/>\n<meta name=\"twitter:card\" content=\"summary_large_image\" \/>\n<script type=\"application\/ld+json\" class=\"yoast-schema-graph\">{\"@context\":\"https:\/\/schema.org\",\"@graph\":[{\"@type\":\"WebSite\",\"@id\":\"https:\/\/galeriamiejska.pl\/en\/#website\",\"url\":\"https:\/\/galeriamiejska.pl\/en\/\",\"name\":\"Galeria Miejska we Wroc\\u0142awiu\",\"description\":\"\",\"potentialAction\":[{\"@type\":\"SearchAction\",\"target\":{\"@type\":\"EntryPoint\",\"urlTemplate\":\"https:\/\/galeriamiejska.pl\/en\/?s={search_term_string}\"},\"query-input\":\"required name=search_term_string\"}],\"inLanguage\":\"\"},{\"@type\":\"ImageObject\",\"@id\":\"https:\/\/galeriamiejska.pl\/en\/plan-pomieszczen\/#primaryimage\",\"inLanguage\":\"\",\"url\":\"https:\/\/galeriamiejska.pl\/wp-content\/uploads\/2021\/01\/59_2_noname.jpg\",\"contentUrl\":\"https:\/\/galeriamiejska.pl\/wp-content\/uploads\/2021\/01\/59_2_noname.jpg\",\"width\":640,\"height\":340},{\"@type\":\"WebPage\",\"@id\":\"https:\/\/galeriamiejska.pl\/en\/plan-pomieszczen\/#webpage\",\"url\":\"https:\/\/galeriamiejska.pl\/en\/plan-pomieszczen\/\",\"name\":\"Plan pomieszcze\\u0144 - Galeria Miejska we Wroc\\u0142awiu\",\"isPartOf\":{\"@id\":\"https:\/\/galeriamiejska.pl\/en\/#website\"},\"primaryImageOfPage\":{\"@id\":\"https:\/\/galeriamiejska.pl\/en\/plan-pomieszczen\/#primaryimage\"},\"datePublished\":\"2021-01-04T16:19:46+00:00\",\"dateModified\":\"2021-01-04T16:21:47+00:00\",\"breadcrumb\":{\"@id\":\"https:\/\/galeriamiejska.pl\/en\/plan-pomieszczen\/#breadcrumb\"},\"inLanguage\":\"\",\"potentialAction\":[{\"@type\":\"ReadAction\",\"target\":[\"https:\/\/galeriamiejska.pl\/en\/plan-pomieszczen\/\"]}]},{\"@type\":\"BreadcrumbList\",\"@id\":\"https:\/\/galeriamiejska.pl\/en\/plan-pomieszczen\/#breadcrumb\",\"itemListElement\":[{\"@type\":\"ListItem\",\"position\":1,\"name\":\"Strona g\\u0142\\u00f3wna\",\"item\":\"https:\/\/galeriamiejska.pl\/en\/\"},{\"@type\":\"ListItem\",\"position\":2,\"name\":\"Gallery plan\"}]}]}<\/script>\n<!-- \/ Yoast SEO plugin. -->","yoast_head_json":{"title":"Plan pomieszcze\u0144 - Galeria Miejska we Wroc\u0142awiu","robots":{"index":"index","follow":"follow","max-snippet":"max-snippet:-1","max-image-preview":"max-image-preview:large","max-video-preview":"max-video-preview:-1"},"canonical":"https:\/\/galeriamiejska.pl\/en\/plan-pomieszczen\/","og_locale":"en_US","og_type":"article","og_title":"Plan pomieszcze\u0144 - Galeria Miejska we Wroc\u0142awiu","og_description":"Galeria Miejska we Wroc\u0142awiu","og_url":"https:\/\/galeriamiejska.pl\/en\/plan-pomieszczen\/","og_site_name":"Galeria Miejska we Wroc\u0142awiu","article_modified_time":"2021-01-04T16:21:47+00:00","og_image":[{"width":640,"height":340,"url":"https:\/\/galeriamiejska.pl\/wp-content\/uploads\/2021\/01\/59_2_noname.jpg","path":"\/autoinstalator\/wordpress\/wp-content\/uploads\/2021\/01\/59_2_noname.jpg","size":"full","id":164,"alt":"","pixels":217600,"type":"image\/jpeg"}],"twitter_card":"summary_large_image","schema":{"@context":"https:\/\/schema.org","@graph":[{"@type":"WebSite","@id":"https:\/\/galeriamiejska.pl\/en\/#website","url":"https:\/\/galeriamiejska.pl\/en\/","name":"Galeria Miejska we Wroc\u0142awiu","description":"","potentialAction":[{"@type":"SearchAction","target":{"@type":"EntryPoint","urlTemplate":"https:\/\/galeriamiejska.pl\/en\/?s={search_term_string}"},"query-input":"required name=search_term_string"}],"inLanguage":""},{"@type":"ImageObject","@id":"https:\/\/galeriamiejska.pl\/en\/plan-pomieszczen\/#primaryimage","inLanguage":"","url":"https:\/\/galeriamiejska.pl\/wp-content\/uploads\/2021\/01\/59_2_noname.jpg","contentUrl":"https:\/\/galeriamiejska.pl\/wp-content\/uploads\/2021\/01\/59_2_noname.jpg","width":640,"height":340},{"@type":"WebPage","@id":"https:\/\/galeriamiejska.pl\/en\/plan-pomieszczen\/#webpage","url":"https:\/\/galeriamiejska.pl\/en\/plan-pomieszczen\/","name":"Plan pomieszcze\u0144 - Galeria Miejska we Wroc\u0142awiu","isPartOf":{"@id":"https:\/\/galeriamiejska.pl\/en\/#website"},"primaryImageOfPage":{"@id":"https:\/\/galeriamiejska.pl\/en\/plan-pomieszczen\/#primaryimage"},"datePublished":"2021-01-04T16:19:46+00:00","dateModified":"2021-01-04T16:21:47+00:00","breadcrumb":{"@id":"https:\/\/galeriamiejska.pl\/en\/plan-pomieszczen\/#breadcrumb"},"inLanguage":"","potentialAction":[{"@type":"ReadAction","target":["https:\/\/galeriamiejska.pl\/en\/plan-pomieszczen\/"]}]},{"@type":"BreadcrumbList","@id":"https:\/\/galeriamiejska.pl\/en\/plan-pomieszczen\/#breadcrumb","itemListElement":[{"@type":"ListItem","position":1,"name":"Strona g\u0142\u00f3wna","item":"https:\/\/galeriamiejska.pl\/en\/"},{"@type":"ListItem","position":2,"name":"Gallery plan"}]}]}},"_links":{"self":[{"href":"https:\/\/galeriamiejska.pl\/en\/wp-json\/wp\/v2\/pages\/161","targetHints":{"allow":["GET"]}}],"collection":[{"href":"https:\/\/galeriamiejska.pl\/en\/wp-json\/wp\/v2\/pages"}],"about":[{"href":"https:\/\/galeriamiejska.pl\/en\/wp-json\/wp\/v2\/types\/page"}],"author":[{"embeddable":true,"href":"https:\/\/galeriamiejska.pl\/en\/wp-json\/wp\/v2\/users\/1"}],"replies":[{"embeddable":true,"href":"https:\/\/galeriamiejska.pl\/en\/wp-json\/wp\/v2\/comments?post=161"}],"version-history":[{"count":4,"href":"https:\/\/galeriamiejska.pl\/en\/wp-json\/wp\/v2\/pages\/161\/revisions"}],"predecessor-version":[{"id":166,"href":"https:\/\/galeriamiejska.pl\/en\/wp-json\/wp\/v2\/pages\/161\/revisions\/166"}],"wp:featuredmedia":[{"embeddable":true,"href":"https:\/\/galeriamiejska.pl\/en\/wp-json\/wp\/v2\/media\/164"}],"wp:attachment":[{"href":"https:\/\/galeriamiejska.pl\/en\/wp-json\/wp\/v2\/media?parent=161"}],"curies":[{"name":"wp","href":"https:\/\/api.w.org\/{rel}","templated":true}]}}

<p>Virtual walk around the City Gallery in Wrocław</p>



<iframe loading="lazy" style="border: 0;" tabindex="0" src="https://www.google.com/maps/embed?pb=!4v1588076199486!6m8!1m7!1sCAoSLEFGMVFpcE5odUdFT2lpX1djMFRJX1hreUt1UFlSajhNYms4NkNicHg2ZkNz!2m2!1d51.11077356988546!2d17.0293171313366!3f279.2753320919244!4f8.026910296834515!5f0.7820865974627469" allowfullscreen="allowfullscreen" aria-hidden="false" width="600" height="450" frameborder="0"></iframe>



<p></p>

<!-- wp:paragraph -->
<p>Virtual walk around the City Gallery in Wrocław</p>
<!-- /wp:paragraph -->

<!-- wp:html -->
<iframe style="border: 0;" tabindex="0" src="https://www.google.com/maps/embed?pb=!4v1588076199486!6m8!1m7!1sCAoSLEFGMVFpcE5odUdFT2lpX1djMFRJX1hreUt1UFlSajhNYms4NkNicHg2ZkNz!2m2!1d51.11077356988546!2d17.0293171313366!3f279.2753320919244!4f8.026910296834515!5f0.7820865974627469" allowfullscreen="allowfullscreen" aria-hidden="false" width="600" height="450" frameborder="0"></iframe>
<!-- /wp:html -->

<!-- wp:paragraph -->
<p></p>
<!-- /wp:paragraph -->

<p>City Gallery in Wrocław</p>

City Gallery in Wrocław

<!-- wp:paragraph -->
<p><a href="http://galeriamiejska.pl/wp-content/uploads/2021/01/sale_ekspozycyjne_parter_wymiary.pdf">» sale_ekspozycyjne_parter_wymiary</a><br><a href="http://galeriamiejska.pl/wp-content/uploads/2021/01/sale-ekspozycyjne-piwnica-wymiary.pdf">» sale ekspozycyjne piwnica wymiary</a></p>
<!-- /wp:paragraph -->

<!-- wp:paragraph -->
<p>Wirtualny spacer po Galerii Miejskiej we Wrocławiu:</p>
<!-- /wp:paragraph -->

<!-- wp:html -->
<iframe style="border: 0;" tabindex="0" src="https://www.google.com/maps/embed?pb=!4v1588076199486!6m8!1m7!1sCAoSLEFGMVFpcE5odUdFT2lpX1djMFRJX1hreUt1UFlSajhNYms4NkNicHg2ZkNz!2m2!1d51.11077356988546!2d17.0293171313366!3f279.2753320919244!4f8.026910296834515!5f0.7820865974627469" allowfullscreen="allowfullscreen" aria-hidden="false" width="600" height="450" frameborder="0"></iframe>
<!-- /wp:html -->

<!-- wp:paragraph -->
<p></p>
<!-- /wp:paragraph -->

Galeria Miejska we Wrocławiu

Plan pomieszczeń

<!-- This site is optimized with the Yoast SEO plugin v16.8 - https://yoast.com/wordpress/plugins/seo/ -->
<title>Plan pomieszczeń - Galeria Miejska we Wrocławiu</title>
<meta name="robots" content="index, follow, max-snippet:-1, max-image-preview:large, max-video-preview:-1" />
<link rel="canonical" href="https://galeriamiejska.pl/en/plan-pomieszczen/" />
<meta property="og:locale" content="en_US" />
<meta property="og:type" content="article" />
<meta property="og:title" content="Plan pomieszczeń - Galeria Miejska we Wrocławiu" />
<meta property="og:description" content="Galeria Miejska we Wrocławiu" />
<meta property="og:url" content="https://galeriamiejska.pl/en/plan-pomieszczen/" />
<meta property="og:site_name" content="Galeria Miejska we Wrocławiu" />
<meta property="article:modified_time" content="2021-01-04T16:21:47+00:00" />
<meta property="og:image" content="https://galeriamiejska.pl/wp-content/uploads/2021/01/59_2_noname.jpg" />
	<meta property="og:image:width" content="640" />
	<meta property="og:image:height" content="340" />
<meta name="twitter:card" content="summary_large_image" />
<script type="application/ld+json" class="yoast-schema-graph">{"@context":"https://schema.org","@graph":[{"@type":"WebSite","@id":"https://galeriamiejska.pl/en/#website","url":"https://galeriamiejska.pl/en/","name":"Galeria Miejska we Wroc\u0142awiu","description":"","potentialAction":[{"@type":"SearchAction","target":{"@type":"EntryPoint","urlTemplate":"https://galeriamiejska.pl/en/?s={search_term_string}"},"query-input":"required name=search_term_string"}],"inLanguage":""},{"@type":"ImageObject","@id":"https://galeriamiejska.pl/en/plan-pomieszczen/#primaryimage","inLanguage":"","url":"https://galeriamiejska.pl/wp-content/uploads/2021/01/59_2_noname.jpg","contentUrl":"https://galeriamiejska.pl/wp-content/uploads/2021/01/59_2_noname.jpg","width":640,"height":340},{"@type":"WebPage","@id":"https://galeriamiejska.pl/en/plan-pomieszczen/#webpage","url":"https://galeriamiejska.pl/en/plan-pomieszczen/","name":"Plan pomieszcze\u0144 - Galeria Miejska we Wroc\u0142awiu","isPartOf":{"@id":"https://galeriamiejska.pl/en/#website"},"primaryImageOfPage":{"@id":"https://galeriamiejska.pl/en/plan-pomieszczen/#primaryimage"},"datePublished":"2021-01-04T16:19:46+00:00","dateModified":"2021-01-04T16:21:47+00:00","breadcrumb":{"@id":"https://galeriamiejska.pl/en/plan-pomieszczen/#breadcrumb"},"inLanguage":"","potentialAction":[{"@type":"ReadAction","target":["https://galeriamiejska.pl/en/plan-pomieszczen/"]}]},{"@type":"BreadcrumbList","@id":"https://galeriamiejska.pl/en/plan-pomieszczen/#breadcrumb","itemListElement":[{"@type":"ListItem","position":1,"name":"Strona g\u0142\u00f3wna","item":"https://galeriamiejska.pl/en/"},{"@type":"ListItem","position":2,"name":"Gallery plan"}]}]}</script>
<!-- / Yoast SEO plugin. -->

Plan pomieszczeń - Galeria Miejska we Wrocławiu

Strona główna
